, 5*p + x - 2774 = 0. What is the units digit of p?
4
Let q be (-29)/6 - (-3)/(-18). Let w be -3 + -1 - (-10 - q). What is the tens digit of -5 - (-3 + w) - -109?
0
Let y = -6524 - -13528. What is the tens digit of y?
0
Suppose 0 = 4*f - 4*s, 3*f = -5*s + 8 + 8. Let r be 30/(-20)*f/6*-18. Suppose r*x - 12*x + 300 = 0. What is the hundreds digit of x?
1
Let j = -5753 + 6334. What is the tens digit of j?
8
Suppose 0 = 3*x - 3406 - 15449. What is the units digit of x?
5
Let t = 1330 - 465. Let a = -503 + t. What is the units digit of a?
2
Let y = 3548 - 1233. What is the tens digit of y?
1
Let v(x) = -297*x**3 + 14*x**2 + 28*x + 3. What is the thousands digit of v(-3)?
8
Suppose -91*s = -62*s - 557090. What is the thousands digit of s?
9
Let y(u) = 11 + 5 - 11*u**2 - 27*u + 37 + 12*u**2. Let w be y(25). What is the tens digit of -2*w/((-12)/442)?
2
Let r(u) = 105*u**3 + 2*u**2 - 21*u + 75. What is the hundreds digit of r(3)?
8
Suppose 0 = -5*n + 3*r + 123040, 0 = -n + 4*r - 971 + 25579. What is the tens digit of n?
0
Let y(s) be the third derivative of s**5/60 + 3*s**4/8 - 22*s**3/3 - 725*s**2. Let p(b) = -b**2 - 3*b - 2. Let d be p(-6). What is the hundreds digit of y(d)?
1
Let k = 25909 - 16807. What is the thousands digit of k?
9
Let x be (378 + -22)/((-1)/16). What is the units digit of x/(-38) + 16/(-1064)*-7?
0
Suppose 0 = -9*d + 6218 + 58159. Suppose 0 = -16*v + 13135 + d. What is the hundreds digit of v?
2
Let g = 845 + -840. Suppose 35*r - 30*r - g*f = 8820, -4*r = f - 7081. What is the thousands digit of r?
1
Let k(f) be the second derivative of -f**4/12 + 7*f**2/2 + 13*f. Let x be k(-4). What is the units digit of 109/2 + x/(-18)?
5
Let m = 11395 + -6837. What is the thousands digit of m?
4
Let m(v) = -v**2 - 34*v - 88. Let y be m(-31). Suppose y*x + 20 = 0, 3*x + 10 + 107 = 3*q. What is the units digit of q?
5
Suppose -37*d - 495804 = -57*d + 1776. What is the ten thousands digit of d?
2
Suppose 7*x = 9*x + 1050. Let n = 982 + x. What is the hundreds digit of n?
4
Let l be 4/(-6) + (-434)/(-21). Suppose 5461 + 4439 = l*d. What is the tens digit of d?
9
Let o = 8465 - 232. What is the hundreds digit of o?
2
Suppose 0 = -5*u - 108 - 57. Let j = u + 36. Suppose 0*o - x = -5*o + 649, 3*o = -j*x + 393. What is the units digit of o?
0
Let i be -56*(-9)/(-6)*6/(-18). Suppose -3*x + a + 97 = 0, -2*x - i + 90 = 2*a. Suppose -j + x - 6 = 0. What is the tens digit of j?
2
Let z be -3 - -5 - -134 - 21/14*2. Let b = -120 - -48. Let h = b + z. What is the units digit of h?
1
Let j = -30449 - -52238. What is the thousands digit of j?
1
What is the ten thousands digit of 12*(3 - 35496/(-16))?
2
Let g(j) = 103*j**2 + 28*j - 96. Suppose 5*b + 315 = 335. What is the units digit of g(b)?
4
Let s(w) = 10*w - 17. Let r be s(2). Suppose r*n - 412 = 752. What is the units digit of n?
8
Suppose 0 = -617*i + 50000820 - 1201056. What is the hundreds digit of i?
0
Suppose -5*m = 4*y + 7 + 6, 2*y - 2*m - 16 = 0. Let f be y/(-6) + (-1095)/(-6). Let z = 255 - f. What is the units digit of z?
3
Let h(q) = -61 - 8*q + 25 + 10. Suppose 0 = -2*n - 4*k - 20, -k - 3*k = -3*n - 10. What is the tens digit of h(n)?
2
Let y(o) = o**3 - 25*o**2 + 23*o - 583. What is the tens digit of y(26)?
9
Let z(j) = 17*j**2 - 126*j + 30. What is the tens digit of z(-12)?
9
What is the units digit of 49/(-343)*42*(7177/(-6) + 0)?
7
Suppose -5*i - 590 + 515 = -w, -124 = -2*w - 3*i. Let t(h) = 2*h**2 + h. Let o be t(1). Suppose 2*f + o*f - w = 0. What is the units digit of f?
3
Suppose -357372 = -94*n + 40*n. What is the hundreds digit of n?
6
Suppose 0 = 3*i + 2471 + 19. Let v = i - -1683. What is the units digit of v?
3
Let y = -194 - -109. Let x = y + 65. What is the units digit of (-8)/x - ((-240)/25 - -1)?
9
Let d be 9/2 - -4*(-4)/32. Let v be d/14 - 95/(-133) - 5. What is the units digit of 1/v + (-4)/(48/(-435))?
6
Suppose -7*o + 177956 = 2*o - 34264. What is the tens digit of o?
8
What is the thousands digit of 1097 - 11/((-33)/36)?
1
What is the ten thousands digit of 11287080/700 - 17/5?
1
What is the hundreds digit of (-39304)/102*(-87)/4?
3
Let u = 122801 - 62492. What is the ten thousands digit of u?
6
Let a(k) = k**2 - 15*k + 16. Let y be a(14). Suppose 0 = 3*c - y*i + 18, -3*c - 4*i = -c + 12. What is the units digit of (15/c)/((-5)/30)?
5
Let a be 14/(-105) - (-1908)/27*(-32)/(-10). Let v be -1 + 154 + (0 - -1). Let m = a - v. What is the tens digit of m?
7
Let s be 0 + -3 - (-63)/(90/10). What is the hundreds digit of (s/(-2))/((48/820)/(-6))?
2
Suppose 12*j - 44*j + 1920 = 0. Let c = -8 + -2. What is the hundreds digit of 3/((-18)/c)*(j + 9)?
1
Suppose -3*r + 21*r - 136731 - 262149 = 0. What is the ten thousands digit of r?
2
Suppose g + 22*l - 50875 = 25*l, g + 7*l = 50845. What is the ten thousands digit of g?
5
Let f be (-3 - (7 + -11))*0. Suppose 2*w - 3*t - 91 - 658 = f, -4*w = -3*t - 1507. What is the tens digit of w?
7
Suppose 5*c - 3*l - 7 = 0, -4*c + 6 + 6 = 4*l. Suppose -377 = -2*v + 3*f, 0 = -4*v - 0*f - c*f + 794. What is the tens digit of v?
9
Suppose 15*y - 11*y + 5*s = -11, 0 = -5*y + 4*s - 24. What is the tens digit of (0/y - 0) + (161 - 0)?
6
What is the units digit of 342086/18 + -2 - ((-592)/72 + 8)?
3
Let h(s) = -s**2 + 16*s + 67. Let a be h(18). Suppose -j + 5*j - 128 = 0. Suppose j*k - a*k = 28. What is the tens digit of k?
2
Suppose -k = -5*p - 9837, -3*k - 12*p + 29530 = -8*p. What is the thousands digit of k?
9
Suppose i = 2, 2*b - 4*i - 40 = -8*i. Let n = b + -13. Suppose 0 = 5*q - 2*s + 5*s - 1311, q + n*s - 255 = 0. What is the hundreds digit of q?
2
Let t(r) = 4340*r**2 - 173*r - 531. What is the hundreds digit of t(-3)?
0
What is the units digit of (-10 + 1)*366176/(-96)?
9
Let b(m) = m**3 + 4*m**2 - 5*m + 4. Let x be b(-5). Suppose 2*v - 6*v + 6031 = -w, -3*v + 4530 = -3*w. Suppose -x*p + v = 7*p. What is the units digit of p?
7
Suppose -2452 - 4900 = -p. What is the hundreds digit of p?
3
Let m(b) = 30*b + 200. Let p(k) = k**2 - 16*k - 9. Let q be p(18). What is the hundreds digit of m(q)?
0
Suppose 41*h + 3319932 = 55*h. What is the hundreds digit of h/330 + (-3)/5?
7
Suppose -n - 24668 = -3*i, -37*n = -3*i - 35*n + 24664. What is the units digit of i?
4
What is the units digit of 237*((-288)/(-6) - 7)?
7
Suppose 338 = -6*q + 170. What is the tens digit of (-12)/q + 1/((-7)/(-907))?
3
Let m = 52554 - 11847. What is the units digit of m?
7
Let s(c) = c**3 + 39*c**2 + 105*c - 82. What is the units digit of s(-33)?
7
Let c(p) = -17*p**2 + 54*p + 47*p**2 - 3 - 55*p. What is the units digit of c(3)?
4
Suppose 45*j - 5454 = 41*j - 2*w, -1360 = -j + 3*w. What is the thousands digit of j?
1
What is the thousands digit of (-2 - (-15)/10)*(0 + 1 - 24317)?
2
Let t(s) be the first derivative of s**4/4 - 4*s**2 + 14*s + 54. What is the hundreds digit of t(6)?
1
Suppose 270*d = 131*d + 128*d + 311146. What is the thousands digit of d?
8
Suppose -3*n + 3373 = 4*x, 4*n - 5634 = 3*x - 1095. Suppose 294 = w - 2*d, n = -7*w + 11*w + d. What is the tens digit of w?
8
Let c be (-44)/16 + (-2)/8. Suppose -55*s = 2*u - 56*s + 5, 2*u + 4 = 2*s. What is the tens digit of (-1)/c*u*-31?
3
Suppose 2*p - 36288 = -11*l + 6*l, -36296 = -5*l - 4*p. What is the hundreds digit of l?
2
Suppose 302 = -f - t, 397 + 1111 = -5*f - 4*t. Let b = -261 - f. What is the units digit of b?
9
Suppose 0 = -3*q - z + 2847, 3*z - 205 - 736 = -q. Suppose 2810 = 5*o + q. What is the hundreds digit of o?
3
What is the tens digit of ((-3)/10 - 106182/60)*38/(-5)?
5
Suppose 0 = -y - 5*w + 71231, -71231 = -1218*y + 1217*y + 2*w. What is the hundreds digit of y?
2
Suppose -5*v + 35 = 3*j - 7*v, 2*v + 53 = 5*j. Let c(q) be the second derivative of -q**4/3 + 19*q**3/3 + 2*q**2 + 14*q. What is the tens digit of c(j)?
2
Let h = -5376 + 18872. What is the units digit of h?
6
Let w = -566 - -566. Suppose 0 = c - w*c - 3*m - 509, 1009 = 2*c + 3*m. What is the units digit of c?
6
Suppose 3*w - 3*n - 188 = w, 0 = -4*w + 4*n + 376. Let j(f) = f**3 + 8*f**2 - 15*f - 9. Let o be j(-10). Let m = o + w. What is the tens digit of m?
3
Let r(b) = -b**3 - 8*b**2 + 3*b + 4. Let i be r(-8). Let d be -92 + 5*i/(-25). Let q = 92 - d. What is the units digit of q?
0
Let f(q) = -2*q**3 - 10*q**2 - 7*q + 2. Suppose 